*2 - 2*s - 2. Let q be d(-2). Let v = -12 + q. Suppose -v*p = -4*p + 40. What is the greatest common factor of p and 4?
4
Let o = -2 - 4. Let q be (3 - 3 - o)/2. Suppose q*g + g - 12 = -4*y, -g - 5 = -y. Calculate the highest common factor of y and 16.
4
Let b be (-1 + (-1)/(-2))*0. Suppose 0 = -g - b*g + 5. Suppose g*h + 11 = -4, 5*h = 3*n - 84. Calculate the highest common factor of n and 46.
23
Let k = 6 - 2. Let j be 3 + (-7 + 3 - -6). Suppose 6 - j = s. Calculate the greatest common factor of s and k.
1
Let b = 17 - 11. Suppose 0 = -43*f + 49*f - 36. What is the highest common factor of f and b?
6
Let v be ((-40)/15)/4*3 + 54. What is the greatest common factor of v and 234?
26
Let h = 468 + -396. What is the greatest common divisor of h and 81?
9
Suppose -4*z + z + 462 = -3*v, -5*z = 4*v + 607. Let f = v + 265. Calculate the highest common factor of 14 and f.
14
Suppose -5*b + 19 = -n, -5 - 9 = n - 4*b. Suppose -160 = -i + n*i. Let v be i/(-12) - 1/(-3). What is the greatest common divisor of 3 and v?
3
Suppose 4*n - 12 = 5*q + 3, -q - 4 = -n. Suppose -5 = n*g, -4*w + 2*g + 28 = -70. What is the highest common divisor of w and 36?
12
Let b = 414 + -393. Calculate the highest common factor of 7 and b.
7
Let u = 12 + 3. Suppose -8*f + 28 = -212. Calculate the greatest common factor of u and f.
15
Suppose -2*p - 1058 = -4*o, 3*p - p - 538 = -2*o. What is the greatest common factor of o and 114?
38
Suppose 8*o = 14*o - 7296. What is the highest common divisor of o and 76?
76
Suppose -n - 5 = 1. Let p(f) = f**3 + 7*f**2 + 4*f - 8. Let t be p(n). What is the greatest common factor of t and 1?
1
Suppose 86 = -4*w + 154. Calculate the greatest common factor of 34 and w.
17
Let i be (-6)/(-8) - (-3)/(-4). Suppose 0*r - 4*r = i. Suppose 0 = -5*a + 3*h + 1080, -4*a + 864 = -r*a - 5*h. What is the highest common divisor of 24 and a?
24
Let v(s) = -4*s - 1. Let w be 2/(-4)*-1*-2. Let d be v(w). Suppose -k + 5 = -0*o + 5*o, -d*k + 2*o + 49 = 0. What is the greatest common divisor of 105 and k?
15
Suppose -3*f - 5*v = 6, -9 = -f + 2*f + 4*v. Let c(u) = 2 + 5*u - u - 2*u**2 - u**f + 3*u**2. Let o be c(-3). Calculate the highest common factor of o and 78.
26
Let b be (1292/(-16) + 6)/((-2)/8). What is the highest common factor of b and 46?
23
Suppose 5*u - 44 - 15 = 2*b, 0 = -3*u + 5*b + 43. Calculate the highest common factor of 5 and u.
1
Let g = 53 + 234. Suppose -5*i + g = 27. Calculate the greatest common divisor of i and 4.
4
Let c = -126 + 196. Suppose 10*v - c = 5*v. Let l = 30 - v. What is the highest common divisor of 16 and l?
16
Suppose -4*g + 3740 = 7*u - 5*u, 0 = 5*g - u - 4675. What is the greatest common factor of 170 and g?
85
Let t = -28 + 49. Suppose -74*o + 76*o + 42 = 0. Let k = 84 - o. Calculate the highest common divisor of t and k.
21
Let d = -2649 + 2654. Suppose 4*f - 225 = -f. What is the highest common divisor of f and d?
5
Let s = -249 - -264. What is the greatest common divisor of s and 5?
5
Let l be 40 + 4/10 + (-180)/75. What is the greatest common factor of 95 and l?
19
Suppose 58*s + 57*s - 3290 = 21*s. Suppose -4*m + 5*x = -38, 2*m + 3*x = x + 10. What is the highest common divisor of s and m?
7
Suppose 152 = 3*i + 5*r, 23*i - 20*i - 2*r = 166. What is the highest common factor of 351 and i?
27
Suppose 15*c = 12*c + 174. What is the highest common divisor of c and 2?
2
Let y(k) = -k**2 + 12*k - 11. Let v be y(7). Suppose 6*t - 2*t + 4*g - 72 = 0, -2*t - 4*g = -32. Let p = t + -8. What is the highest common divisor of p and v?
12
Let z be 18/81 + (-43)/(-9). Suppose -27 = -4*x + 3*o + 46, 0 = -z*x - 3*o + 71. What is the greatest common factor of x and 40?
8
Suppose -4*v - 5*n + 305 = 0, -4*n - n = -4*v + 295. What is the greatest common factor of v and 6?
3
Let j = -719 - -751. Calculate the greatest common factor of 128 and j.
32
Suppose -3*a = -a - 28. Suppose 1540 = -13*g + 23*g. Calculate the highest common factor of g and a.
14
Suppose -538 = -q + b, -4*q + 2154 = -0*b - 3*b. Suppose -6*k + 2*k + q = 0. What is the highest common factor of 15 and k?
15
Suppose -290*g = -287*g - 15. What is the highest common factor of 605 and g?
5
Let d = -28 - -28. Suppose -f - 3*f + 88 = d. What is the greatest common divisor of f and 154?
22
Let d be 141/(-24)*-4 + 3/2. What is the highest common divisor of 475 and d?
25
Let u = -71 - -87. Calculate the highest common factor of u and 4.
4
Let u(y) = -y**2 + 5*y - 1. Let i(x) = x + 4. Let a be i(0). Let b be u(a). Suppose 0 = -b*s + 524 + 16. Calculate the highest common factor of s and 20.
20
Suppose w - r + 7 = 23, 3*r + 12 = w. What is the greatest common factor of 96 and w?
6
Suppose -5*b + 8 = 2*o, 4 = -3*o + 4*o + 5*b. What is the highest common divisor of o and 5?
1
Suppose -4095 = -6*k - k. What is the greatest common factor of 45 and k?
45
Let a(k) = -146*k + 2348. Let h be a(16). Let n(y) = -17*y + 1 + 0 + 6*y. Let z be n(-1). What is the greatest common divisor of z and h?
12
Suppose 520 = 46*x - 38*x. What is the highest common divisor of 52 and x?
13
Suppose 113 = d - k, 0*k + 4*k + 20 = 0. Let h(s) = s**3 - 2*s. Let x be h(2). Let y be (-2)/x - (-74)/4. What is the greatest common divisor of y and d?
18
Let x = 21 - 3. Let j = 27 + x. What is the highest common divisor of j and 9?
9
Suppose -5*g + 4*o + 4322 - 1076 = 0, -3*o - 658 = -g. What is the highest common factor of g and 38?
38
Suppose -27*i = -23*i - 580. Suppose 5*b - 37 = -4*t - 0*t, 20 = b + 5*t. Suppose -45 = b*k - i. What is the greatest common factor of k and 10?
10
Let r(b) = -7*b + 30. Let f be r(4). Suppose -f*l - 42 = -4*o, -3*l - 2 = 1. Calculate the highest common factor of o and 130.
10
Let w = 42 + -38. Suppose -w*a + 18 + 10 = 0. What is the greatest common divisor of a and 1?
1
Let r(x) = x**2 - 6*x + 7. Let a be r(5). Let n be (-44)/a*5/(-10). Let z = n - -6. What is the greatest common factor of 85 and z?
17
Let p = 689 - 401. What is the greatest common divisor of 9 and p?
9
Let t(y) be the second derivative of 11*y**3/6 - 11*y**2/2 + 3*y. Let n be t(8). What is the greatest common factor of 7 and n?
7
Let d(m) = -7*m + 11. Let b be d(1). Let f be (b/(-10))/(-3*(-6)/(-810)). Let z(y) = 11*y + 1. Let p be z(4). What is the greatest common factor of p and f?
9
Let o(j) = j**3 - 9*j**2 - 8*j - 20. Let t be o(10). Suppose 2*h - 34 = -t*h. What is the highest common factor of h and 85?
17
Let u be (-4)/10 + (-226)/10. Let k = u + 59. Let x(n) = 4*n + 102. Let y be x(-12). Calculate the greatest common divisor of k and y.
18
Let k = 329 + 189. Calculate the greatest common divisor of k and 14.
14
Let k(a) = -a**3 - a**2 + 8. Let f be k(0). Let d be 4/10 + 348/30. Calculate the highest common factor of d and f.
4
Let i be (-1 + -1)*20/(-4). Suppose 3*j + d - 29 = -0*j, -5*j + 52 = -2*d. Calculate the greatest common divisor of j and i.
10
Let d be (8/(-5))/((7 + -1)/(-480)). Let g = d + -96. What is the highest common factor of 24 and g?
8
Let q be (-2)/13 + 5/((-130)/(-368)). Let v(c) = c + 14. Let g be v(0). What is the greatest common factor of g and q?
14
Let t(o) = -24*o**3 + o**2 - 3*o - 2. Let y be t(-2). Suppose -3*i + 274 = 34. Calculate the highest common divisor of i and y.
40
Let z(g) = -g**3 + 5*g**2 - 3*g. Let q be 1/(24/(-9) - -3). Let d be z(q). Let a = d + -4. Calculate the greatest common divisor of a and 5.
5
Suppose 3*b = 0, 0 = n - 0*b + 2*b - 2. Let c be (-512)/(-4) + (-1 - n). Suppose -2*t + 10 + 90 = 0. Calculate the greatest common divisor of t and c.
25
Let k be ((-68)/(-8))/1*2. Suppose 0 = j + k - 72. Suppose -n + 4*n = 66. What is the highest common divisor of j and n?
11
Suppose -2*a + y + 147 = 0, -5*a + 189 = 3*y - 162. Let r = a + -28. What is the greatest common factor of 396 and r?
44
Let g = 6 + 4. Let i be (-3)/(-15) - (-1258)/g. Calculate the greatest common divisor of i and 14.
14
Suppose -7*u = -10*u + 618. Suppose -u = -g - 2*c, -4*c - 186 = -g - 2*c. What is the highest common divisor of 28 and g?
28
Let c(z) = 219*z - 225. Let n be c(4). Calculate the greatest common factor of n and 63.
21
Suppose 3*s = -0*s - 45. Let t be (s + 5)*(-6)/4. Let r(p) = p**2 - 13*p - 15. Let u be r(15). What is the highest common factor of t and u?
15
Let z be (320/224